{"id":3526,"date":"2017-10-18T12:40:54","date_gmt":"2017-10-18T12:40:54","guid":{"rendered":"http:\/\/jozsefattilaiskola.ro\/?page_id=3526"},"modified":"2017-11-06T11:41:42","modified_gmt":"2017-11-06T11:41:42","slug":"hatarozatok","status":"publish","type":"page","link":"https:\/\/jozsefattilaiskola.ro\/?page_id=3526","title":{"rendered":"Vezet\u0151tan\u00e1cs hat\u00e1rozatok"},"content":{"rendered":"<h2><a href=\"http:\/\/jozsefattilaiskola.ro\/wp-content\/uploads\/2017\/10\/hatarozat2017_1.pdf\">1-es sz\u00e1m\u00fa hat\u00e1rozat<\/a><\/h2>\n<h2><a href=\"http:\/\/jozsefattilaiskola.ro\/wp-content\/uploads\/2017\/10\/hatarozat2017_2.pdf\">2-es sz\u00e1m\u00fa hat\u00e1rozat<\/a><\/h2>\n<h2><a href=\"http:\/\/jozsefattilaiskola.ro\/wp-content\/uploads\/2017\/10\/hotarare-ca-nr3.pdf\">3-as sz\u00e1m\u00fa hat\u00e1rozat<\/a><\/h2>\n<h2><a href=\"http:\/\/jozsefattilaiskola.ro\/wp-content\/uploads\/2017\/10\/hotarare-ca-nr4.pdf\">4-es sz\u00e1m\u00fa hat\u00e1rozat<\/a><\/h2>\n<div id=\"themify_builder_content-3526\" data-postid=\"3526\" class=\"themify_builder_content themify_builder_content-3526 themify_builder\">\n\n    <\/div>\n<!-- \/themify_builder_content -->","protected":false},"excerpt":{"rendered":"<p>1-es sz\u00e1m\u00fa hat\u00e1rozat 2-es sz\u00e1m\u00fa hat\u00e1rozat 3-as sz\u00e1m\u00fa hat\u00e1rozat 4-es sz\u00e1m\u00fa hat\u00e1rozat<\/p>\n","protected":false},"author":1,"featured_media":0,"parent":0,"menu_order":0,"comment_status":"closed","ping_status":"closed","template":"","meta":{"footnotes":""},"class_list":["post-3526","page","type-page","status-publish","hentry","no-post-title","no-post-date","has-post-category","has-post-tag","has-post-comment","has-post-author",""],"builder_content":"","_links":{"self":[{"href":"https:\/\/jozsefattilaiskola.ro\/index.php?rest_route=\/wp\/v2\/pages\/3526"}],"collection":[{"href":"https:\/\/jozsefattilaiskola.ro\/index.php?rest_route=\/wp\/v2\/pages"}],"about":[{"href":"https:\/\/jozsefattilaiskola.ro\/index.php?rest_route=\/wp\/v2\/types\/page"}],"author":[{"embeddable":true,"href":"https:\/\/jozsefattilaiskola.ro\/index.php?rest_route=\/wp\/v2\/users\/1"}],"replies":[{"embeddable":true,"href":"https:\/\/jozsefattilaiskola.ro\/index.php?rest_route=%2Fwp%2Fv2%2Fcomments&post=3526"}],"version-history":[{"count":4,"href":"https:\/\/jozsefattilaiskola.ro\/index.php?rest_route=\/wp\/v2\/pages\/3526\/revisions"}],"predecessor-version":[{"id":3627,"href":"https:\/\/jozsefattilaiskola.ro\/index.php?rest_route=\/wp\/v2\/pages\/3526\/revisions\/3627"}],"wp:attachment":[{"href":"https:\/\/jozsefattilaiskola.ro\/index.php?rest_route=%2Fwp%2Fv2%2Fmedia&parent=3526"}],"curies":[{"name":"wp","href":"https:\/\/api.w.org\/{rel}","templated":true}]}}