{"id":2460,"date":"2015-02-01T10:58:29","date_gmt":"2015-02-01T10:58:29","guid":{"rendered":"http:\/\/jozsefattilaiskola.ro\/uj\/?page_id=2460"},"modified":"2022-09-29T13:31:42","modified_gmt":"2022-09-29T10:31:42","slug":"kapcsolat","status":"publish","type":"page","link":"https:\/\/jozsefattilaiskola.ro\/?page_id=2460","title":{"rendered":"Kapcsolat"},"content":{"rendered":"<h1 style=\"text-align: center;\"><span style=\"font-size: 24pt;\"><strong>J\u00f3zsef Attila \u00c1ltal\u00e1nos Iskola <\/strong><strong>Cs\u00edkszereda<\/strong><\/span><\/h1>\n<p>\u00a0<\/p>\n<p><strong>1. sz\u00e1m\u00fa \u00e9p\u00fclet\u00fcnk:<\/strong><br \/>530112 &#8211; Cs\u00edkszereda, Miron Cristea utca 1. sz.<br \/>Telefon &#8211; 0730-584-677<\/p>\n<p><strong>2. sz\u00e1m\u00fa \u00e9p\u00fclet\u00fcnk:<\/strong><br \/>530172 &#8211; Cs\u00edkszereda, Testv\u00e9ris\u00e9g sug\u00e1r\u00fat 20 sz.<br \/>Telefon &#8211; 0733-970-519<br \/>e-mail: \u00a0sc.jozsefattila@eduhr.ro<\/p>\n<p><strong>Igazgat\u00f3:<\/strong><br \/>Kedves Tiham\u00e9r<br \/>Telefon: 0730 &#8211; 584 676<br \/>e-mail: kedves.tihamer@jozsefattilaiskola.ro<\/p>\n<p><strong>Igazgat\u00f3helyettes:<\/strong><br \/>P\u00e9ter Endre<br \/>Telefon: 0733 &#8211; 970 518<br \/>e-mail: peter.endre@jozsefattilaiskola.ro<\/p>\n\n<div id=\"themify_builder_content-2460\" data-postid=\"2460\" class=\"themify_builder_content themify_builder_content-2460 themify_builder\">\n\n    <\/div>\n","protected":false},"excerpt":{"rendered":"<p>J\u00f3zsef Attila \u00c1ltal\u00e1nos Iskola Cs\u00edkszereda \u00a0 1. sz\u00e1m\u00fa \u00e9p\u00fclet\u00fcnk:530112 &#8211; Cs\u00edkszereda, Miron Cristea utca 1. sz.Telefon &#8211; 0730-584-677 2. sz\u00e1m\u00fa \u00e9p\u00fclet\u00fcnk:530172 &#8211; Cs\u00edkszereda, Testv\u00e9ris\u00e9g sug\u00e1r\u00fat 20 sz.Telefon &#8211; 0733-970-519e-mail: \u00a0sc.jozsefattila@eduhr.ro Igazgat\u00f3:Kedves Tiham\u00e9rTelefon: 0730 &#8211; 584 676e-mail: kedves.tihamer@jozsefattilaiskola.ro Igazgat\u00f3helyettes:P\u00e9ter EndreTelefon: 0733 &#8211; 970 518e-mail: peter.endre@jozsefattilaiskola.ro<\/p>\n","protected":false},"author":1,"featured_media":0,"parent":0,"menu_order":0,"comment_status":"open","ping_status":"open","template":"","meta":{"footnotes":""},"class_list":["post-2460","page","type-page","status-publish","hentry","no-post-title","no-post-date","has-post-category","has-post-tag","has-post-comment","has-post-author",""],"builder_content":"","_links":{"self":[{"href":"https:\/\/jozsefattilaiskola.ro\/index.php?rest_route=\/wp\/v2\/pages\/2460"}],"collection":[{"href":"https:\/\/jozsefattilaiskola.ro\/index.php?rest_route=\/wp\/v2\/pages"}],"about":[{"href":"https:\/\/jozsefattilaiskola.ro\/index.php?rest_route=\/wp\/v2\/types\/page"}],"author":[{"embeddable":true,"href":"https:\/\/jozsefattilaiskola.ro\/index.php?rest_route=\/wp\/v2\/users\/1"}],"replies":[{"embeddable":true,"href":"https:\/\/jozsefattilaiskola.ro\/index.php?rest_route=%2Fwp%2Fv2%2Fcomments&post=2460"}],"version-history":[{"count":23,"href":"https:\/\/jozsefattilaiskola.ro\/index.php?rest_route=\/wp\/v2\/pages\/2460\/revisions"}],"predecessor-version":[{"id":7545,"href":"https:\/\/jozsefattilaiskola.ro\/index.php?rest_route=\/wp\/v2\/pages\/2460\/revisions\/7545"}],"wp:attachment":[{"href":"https:\/\/jozsefattilaiskola.ro\/index.php?rest_route=%2Fwp%2Fv2%2Fmedia&parent=2460"}],"curies":[{"name":"wp","href":"https:\/\/api.w.org\/{rel}","templated":true}]}}