{"id":2439,"date":"2015-02-01T10:35:11","date_gmt":"2015-02-01T10:35:11","guid":{"rendered":"http:\/\/jozsefattilaiskola.ro\/uj\/?page_id=2439"},"modified":"2024-09-26T13:09:30","modified_gmt":"2024-09-26T10:09:30","slug":"felso","status":"publish","type":"page","link":"https:\/\/jozsefattilaiskola.ro\/?page_id=2439","title":{"rendered":"Nevel\u00e9si Tan\u00e1csad\u00e1s"},"content":{"rendered":"<h1 style=\"text-align: center;\"><strong>Nevel\u00e9si Tan\u00e1csad\u00e1s<\/strong><\/h1>\n<p><strong>Nevel\u00e9si tan\u00e1csad\u00f3:<\/strong> <strong>Antal Gabriella<\/strong> szoci\u00e1lpedag\u00f3gus<\/p>\n<p>Tev\u00e9kenys\u00e9geink keret\u00e9ben a gyermek szem\u00e9lyis\u00e9gfejleszt\u00e9s\u00e9t c\u00e9lozzuk meg egy\u00e9ni \u00e9s csoportos foglalkoz\u00e1sok keret\u00e9ben.<br \/>Az egy\u00e9ni foglalkoz\u00e1sok c\u00e9lja:<br \/>&#8211; olvas\u00e1si k\u00e9szs\u00e9gek fejleszt\u00e9se<br \/>&#8211; tanul\u00e1si zavarok megel\u0151z\u00e9se<br \/>&#8211; agresszivit\u00e1s megel\u0151z\u00e9se<br \/>&#8211; p\u00e1lyaorient\u00e1ci\u00f3, d\u00f6nt\u00e9si k\u00e9szs\u00e9gek fejleszt\u00e9se<br \/>&#8211; csal\u00e1di probl\u00e9m\u00e1k, t\u00e1rsas kapcsolatok jav\u00edt\u00e1sa<br \/>&#8211; \u00f6nismeret fejleszt\u00e9se<\/p>\n<p>A csoportos foglalkoz\u00e1sok t\u00e9m\u00e1i:<br \/>&#8211; tanul\u00e1si technik\u00e1k<br \/>&#8211; kommunik\u00e1ci\u00f3s k\u00e9szs\u00e9gek fejleszt\u00e9se, konfliktuskezel\u00e9s<br \/>&#8211; p\u00e1lyaorient\u00e1ci\u00f3<br \/>&#8211; \u00f6nismeret, t\u00e1rsas kapcsolatok fejleszt\u00e9se<\/p>\n<p><b><i>El\u00e9rhet\u0151s\u00e9g<\/i><\/b><em><strong>:<br \/>Antal Gabriella<br \/>szoci\u00e1lpedag\u00f3gus<br \/>tel. 0746-044-315<\/strong><\/em><\/p>\n\n<div id=\"themify_builder_content-2439\" data-postid=\"2439\" class=\"themify_builder_content themify_builder_content-2439 themify_builder\">\n\n    \n\t\t<!-- module_row -->\n\t\t<div  class=\"themify_builder_row module_row clearfix module_row_0 themify_builder_2439_row module_row_2439-0\" data-id=\"ca1f00f\">\n\t\t\t\t\t\t<div class=\"row_inner col_align_top\" >\n                                    <div  class=\"module_column tb-column col-full first tb_2439_column module_column_0 module_column_2439-0-0\" data-id=\"664b0ff\" >\n                                                                <div class=\"tb-column-inner\">\n                            \n\n    <!-- module image -->\n    <div  id=\"image-2439-0-0-0\" class=\"module module-image image-2439-0-0-0  image-top  \" data-id=\"bc88aa8\">\n        <!--insert-->\n        \n        <div class=\"image-wrap\">\n                            <img loading=\"lazy\" decoding=\"async\" width=\"1024\" height=\"663\" src=\"http:\/\/jozsefattilaiskola.ro\/wp-content\/uploads\/2024\/09\/Tanacsado_page-0001-1024x663.jpg\" class=\" wp-post-image wp-image-8003\" alt=\"Tanacsado_page 0001\" srcset=\"https:\/\/jozsefattilaiskola.ro\/wp-content\/uploads\/2024\/09\/Tanacsado_page-0001-1024x663.jpg 1024w, https:\/\/jozsefattilaiskola.ro\/wp-content\/uploads\/2024\/09\/Tanacsado_page-0001-300x194.jpg 300w, https:\/\/jozsefattilaiskola.ro\/wp-content\/uploads\/2024\/09\/Tanacsado_page-0001-768x497.jpg 768w, https:\/\/jozsefattilaiskola.ro\/wp-content\/uploads\/2024\/09\/Tanacsado_page-0001.jpg 1414w\" sizes=\"(max-width: 1024px) 100vw, 1024px\" \/>            \n                        <\/div>\n            <!-- \/image-wrap -->\n        \n        \n            <\/div>\n    <!-- \/module image -->\n\n                        <\/div>\n                    \t\t<\/div>\n\t\t                                <\/div>\n                                <!-- \/row_inner -->\n                        <\/div>\n                        <!-- \/module_row -->\n\t\t<\/div>\n","protected":false},"excerpt":{"rendered":"<p>Nevel\u00e9si Tan\u00e1csad\u00e1s Nevel\u00e9si tan\u00e1csad\u00f3: Antal Gabriella szoci\u00e1lpedag\u00f3gus Tev\u00e9kenys\u00e9geink keret\u00e9ben a gyermek szem\u00e9lyis\u00e9gfejleszt\u00e9s\u00e9t c\u00e9lozzuk meg egy\u00e9ni \u00e9s csoportos foglalkoz\u00e1sok keret\u00e9ben.Az egy\u00e9ni foglalkoz\u00e1sok c\u00e9lja:&#8211; olvas\u00e1si k\u00e9szs\u00e9gek fejleszt\u00e9se&#8211; tanul\u00e1si zavarok megel\u0151z\u00e9se&#8211; agresszivit\u00e1s megel\u0151z\u00e9se&#8211; p\u00e1lyaorient\u00e1ci\u00f3, d\u00f6nt\u00e9si k\u00e9szs\u00e9gek fejleszt\u00e9se&#8211; csal\u00e1di probl\u00e9m\u00e1k, t\u00e1rsas kapcsolatok jav\u00edt\u00e1sa&#8211; \u00f6nismeret fejleszt\u00e9se A csoportos foglalkoz\u00e1sok t\u00e9m\u00e1i:&#8211; tanul\u00e1si technik\u00e1k&#8211; kommunik\u00e1ci\u00f3s k\u00e9szs\u00e9gek fejleszt\u00e9se, konfliktuskezel\u00e9s&#8211; p\u00e1lyaorient\u00e1ci\u00f3&#8211; \u00f6nismeret, t\u00e1rsas kapcsolatok [&hellip;]<\/p>\n","protected":false},"author":1,"featured_media":0,"parent":0,"menu_order":0,"comment_status":"open","ping_status":"open","template":"","meta":{"footnotes":""},"class_list":["post-2439","page","type-page","status-publish","hentry","no-post-title","no-post-date","has-post-category","has-post-tag","has-post-comment","has-post-author",""],"builder_content":"<img loading=\"lazy\" decoding=\"async\" width=\"1024\" height=\"663\" src=\"http:\/\/jozsefattilaiskola.ro\/wp-content\/uploads\/2024\/09\/Tanacsado_page-0001-1024x663.jpg\" alt=\"Tanacsado_page 0001\" srcset=\"https:\/\/jozsefattilaiskola.ro\/wp-content\/uploads\/2024\/09\/Tanacsado_page-0001-1024x663.jpg 1024w, https:\/\/jozsefattilaiskola.ro\/wp-content\/uploads\/2024\/09\/Tanacsado_page-0001-300x194.jpg 300w, https:\/\/jozsefattilaiskola.ro\/wp-content\/uploads\/2024\/09\/Tanacsado_page-0001-768x497.jpg 768w, https:\/\/jozsefattilaiskola.ro\/wp-content\/uploads\/2024\/09\/Tanacsado_page-0001.jpg 1414w\" sizes=\"(max-width: 1024px) 100vw, 1024px\" \/>","_links":{"self":[{"href":"https:\/\/jozsefattilaiskola.ro\/index.php?rest_route=\/wp\/v2\/pages\/2439"}],"collection":[{"href":"https:\/\/jozsefattilaiskola.ro\/index.php?rest_route=\/wp\/v2\/pages"}],"about":[{"href":"https:\/\/jozsefattilaiskola.ro\/index.php?rest_route=\/wp\/v2\/types\/page"}],"author":[{"embeddable":true,"href":"https:\/\/jozsefattilaiskola.ro\/index.php?rest_route=\/wp\/v2\/users\/1"}],"replies":[{"embeddable":true,"href":"https:\/\/jozsefattilaiskola.ro\/index.php?rest_route=%2Fwp%2Fv2%2Fcomments&post=2439"}],"version-history":[{"count":19,"href":"https:\/\/jozsefattilaiskola.ro\/index.php?rest_route=\/wp\/v2\/pages\/2439\/revisions"}],"predecessor-version":[{"id":8005,"href":"https:\/\/jozsefattilaiskola.ro\/index.php?rest_route=\/wp\/v2\/pages\/2439\/revisions\/8005"}],"wp:attachment":[{"href":"https:\/\/jozsefattilaiskola.ro\/index.php?rest_route=%2Fwp%2Fv2%2Fmedia&parent=2439"}],"curies":[{"name":"wp","href":"https:\/\/api.w.org\/{rel}","templated":true}]}}

Nevelési Tanácsadás

<h1 style="text-align: center;"><strong>Nevelési Tanácsadás</strong></h1>
<p><strong>Nevelési tanácsadó:</strong> <strong>Antal Gabriella</strong> szociálpedagógus</p>
<p>Tevékenységeink keretében a gyermek személyiségfejlesztését célozzuk meg egyéni és csoportos foglalkozások keretében.<br />Az egyéni foglalkozások célja:<br />&#8211; olvasási készségek fejlesztése<br />&#8211; tanulási zavarok megelőzése<br />&#8211; agresszivitás megelőzése<br />&#8211; pályaorientáció, döntési készségek fejlesztése<br />&#8211; családi problémák, társas kapcsolatok javítása<br />&#8211; önismeret fejlesztése</p>
<p>A csoportos foglalkozások témái:<br />&#8211; tanulási technikák<br />&#8211; kommunikációs készségek fejlesztése, konfliktuskezelés<br />&#8211; pályaorientáció<br />&#8211; önismeret, társas kapcsolatok fejlesztése</p>
<p><b><i>Elérhetőség</i></b><em><strong>:<br />Antal Gabriella<br />szociálpedagógus<br />tel. 0746-044-315</strong></em></p>

<div id="themify_builder_content-2439" data-postid="2439" class="themify_builder_content themify_builder_content-2439 themify_builder">

    
		<!-- module_row -->
		<div  class="themify_builder_row module_row clearfix module_row_0 themify_builder_2439_row module_row_2439-0" data-id="ca1f00f">
						<div class="row_inner col_align_top" >
                                    <div  class="module_column tb-column col-full first tb_2439_column module_column_0 module_column_2439-0-0" data-id="664b0ff" >
                                                                <div class="tb-column-inner">
                            

    <!-- module image -->
    <div  id="image-2439-0-0-0" class="module module-image image-2439-0-0-0  image-top  " data-id="bc88aa8">
        <!--insert-->
        
        <div class="image-wrap">
                            <img loading="lazy" decoding="async" width="1024" height="663" src="http://jozsefattilaiskola.ro/wp-content/uploads/2024/09/Tanacsado_page-0001-1024x663.jpg" class=" wp-post-image wp-image-8003" alt="Tanacsado_page 0001" srcset="https://jozsefattilaiskola.ro/wp-content/uploads/2024/09/Tanacsado_page-0001-1024x663.jpg 1024w, https://jozsefattilaiskola.ro/wp-content/uploads/2024/09/Tanacsado_page-0001-300x194.jpg 300w, https://jozsefattilaiskola.ro/wp-content/uploads/2024/09/Tanacsado_page-0001-768x497.jpg 768w, https://jozsefattilaiskola.ro/wp-content/uploads/2024/09/Tanacsado_page-0001.jpg 1414w" sizes="(max-width: 1024px) 100vw, 1024px" />            
                        </div>
            <!-- /image-wrap -->
        
        
            </div>
    <!-- /module image -->

                        </div>
                    		</div>
		                                </div>
                                <!-- /row_inner -->
                        </div>
                        <!-- /module_row -->
		</div>

<p>Nevelési Tanácsadás Nevelési tanácsadó: Antal Gabriella szociálpedagógus Tevékenységeink keretében a gyermek személyiségfejlesztését célozzuk meg egyéni és csoportos foglalkozások keretében.Az egyéni foglalkozások célja:&#8211; olvasási készségek fejlesztése&#8211; tanulási zavarok megelőzése&#8211; agresszivitás megelőzése&#8211; pályaorientáció, döntési készségek fejlesztése&#8211; családi problémák, társas kapcsolatok javítása&#8211; önismeret fejlesztése A csoportos foglalkozások témái:&#8211; tanulási technikák&#8211; kommunikációs készségek fejlesztése, konfliktuskezelés&#8211; pályaorientáció&#8211; önismeret, társas kapcsolatok [&hellip;]</p>
