{"id":2432,"date":"2015-02-01T10:29:39","date_gmt":"2015-02-01T10:29:39","guid":{"rendered":"http:\/\/jozsefattilaiskola.ro\/uj\/?page_id=2432"},"modified":"2022-09-29T13:25:48","modified_gmt":"2022-09-29T10:25:48","slug":"konyveloseg-es-gondnoksag","status":"publish","type":"page","link":"https:\/\/jozsefattilaiskola.ro\/?page_id=2432","title":{"rendered":"K\u00f6nyvel\u0151s\u00e9g \u00e9s gondnoks\u00e1g"},"content":{"rendered":"<h1 style=\"text-align: center;\"><span style=\"font-size: 24pt;\">A k\u00f6nyvel\u0151s\u00e9g \u00e9s gondnoks\u00e1g programja<\/span><\/h1>\n<p>\u00a0<\/p>\n<h2>Miron Cristea utcai \u00e9p\u00fclet<\/h2>\n<p><strong>Dascalu Mih\u00e1ly T\u00fcnde<\/strong> &#8211; f\u0151k\u00f6nyvel\u0151 &#8211; naponta &#8211; 8:00-16:00<br \/>Mobil &#8211; 0783-068-976<br \/><strong>Marosi \u00c9va<\/strong> &#8211; gondnok &#8211; naponta &#8211; 7:30-15:30<br \/>Mobil &#8211; 0735-884-725<\/p>\n<h2>Testv\u00e9ris\u00e9g sug\u00e1r\u00fati \u00e9p\u00fclet<\/h2>\n<p><strong>Kerekes Eszter<\/strong> &#8211; megb\u00edzott gondnok &#8211; naponta &#8211; 7:00-15:00<\/p>\n<h2>Informatikus:<\/h2>\n<p><strong>Benk\u0151\u00a0Lor\u00e1nd-Ern\u0151<\/strong><\/p>\n<h2>Takar\u00edt\u00f3 \u00e9s karbantart\u00f3 szem\u00e9lyzet:<\/h2>\n<h2>Miron Cristea utcai \u00e9p\u00fclet:<\/h2>\n<p><strong>F\u00fcl\u00f6p Ildik\u00f3<\/strong> &#8211; Takar\u00edt\u00f3<br \/><strong>Gecse Imre<\/strong> &#8211; Karbantart\u00f3<br \/><strong>Nagy Edith<\/strong> &#8211; Takar\u00edt\u00f3<\/p>\n<h2>Testv\u00e9ris\u00e9g sug\u00e1r\u00fati \u00e9p\u00fclet:<\/h2>\n<p><strong>Derzsi Elem\u00e9r<\/strong>\u00a0&#8211; Karbantart\u00f3<br \/><strong>Benk\u0151 Timea<\/strong>\u00a0&#8211; Takar\u00edt\u00f3<br \/><strong>Csikai Ott\u00f3<\/strong> &#8211; Karbantart\u00f3 <strong><br \/>F\u00fcl\u00f6p Kinga<\/strong> &#8211; Takar\u00edt\u00f3<br \/><strong>Nyisztor Zsolt<\/strong>\u00a0&#8211; Villanyszerel\u0151<br \/><strong>Simon Emilia<\/strong>\u00a0&#8211; Takar\u00edt\u00f3<br \/><strong>Tim\u00e1r \u00c9va<\/strong>\u00a0&#8211; Takar\u00edt\u00f3<br \/><br \/><\/p>\n<h2>Kihelyezettek:\u00a0<\/h2>\n<p><strong>Ferencz G\u00e1bor<\/strong> &#8211; Karbantart\u00f3<br \/><strong>Ursu Mariana<\/strong>\u00a0&#8211; Takar\u00edt\u00f3<\/p>\n\n<div id=\"themify_builder_content-2432\" data-postid=\"2432\" class=\"themify_builder_content themify_builder_content-2432 themify_builder\">\n\n    <\/div>\n","protected":false},"excerpt":{"rendered":"<p>A k\u00f6nyvel\u0151s\u00e9g \u00e9s gondnoks\u00e1g programja \u00a0 Miron Cristea utcai \u00e9p\u00fclet Dascalu Mih\u00e1ly T\u00fcnde &#8211; f\u0151k\u00f6nyvel\u0151 &#8211; naponta &#8211; 8:00-16:00Mobil &#8211; 0783-068-976Marosi \u00c9va &#8211; gondnok &#8211; naponta &#8211; 7:30-15:30Mobil &#8211; 0735-884-725 Testv\u00e9ris\u00e9g sug\u00e1r\u00fati \u00e9p\u00fclet Kerekes Eszter &#8211; megb\u00edzott gondnok &#8211; naponta &#8211; 7:00-15:00 Informatikus: Benk\u0151\u00a0Lor\u00e1nd-Ern\u0151 Takar\u00edt\u00f3 \u00e9s karbantart\u00f3 szem\u00e9lyzet: Miron Cristea utcai \u00e9p\u00fclet: F\u00fcl\u00f6p Ildik\u00f3 &#8211; [&hellip;]<\/p>\n","protected":false},"author":1,"featured_media":0,"parent":0,"menu_order":0,"comment_status":"open","ping_status":"open","template":"","meta":{"footnotes":""},"class_list":["post-2432","page","type-page","status-publish","hentry","no-post-title","no-post-date","has-post-category","has-post-tag","has-post-comment","has-post-author",""],"builder_content":"","_links":{"self":[{"href":"https:\/\/jozsefattilaiskola.ro\/index.php?rest_route=\/wp\/v2\/pages\/2432"}],"collection":[{"href":"https:\/\/jozsefattilaiskola.ro\/index.php?rest_route=\/wp\/v2\/pages"}],"about":[{"href":"https:\/\/jozsefattilaiskola.ro\/index.php?rest_route=\/wp\/v2\/types\/page"}],"author":[{"embeddable":true,"href":"https:\/\/jozsefattilaiskola.ro\/index.php?rest_route=\/wp\/v2\/users\/1"}],"replies":[{"embeddable":true,"href":"https:\/\/jozsefattilaiskola.ro\/index.php?rest_route=%2Fwp%2Fv2%2Fcomments&post=2432"}],"version-history":[{"count":22,"href":"https:\/\/jozsefattilaiskola.ro\/index.php?rest_route=\/wp\/v2\/pages\/2432\/revisions"}],"predecessor-version":[{"id":7538,"href":"https:\/\/jozsefattilaiskola.ro\/index.php?rest_route=\/wp\/v2\/pages\/2432\/revisions\/7538"}],"wp:attachment":[{"href":"https:\/\/jozsefattilaiskola.ro\/index.php?rest_route=%2Fwp%2Fv2%2Fmedia&parent=2432"}],"curies":[{"name":"wp","href":"https:\/\/api.w.org\/{rel}","templated":true}]}}

Könyvelőség és gondnokság

<h1 style="text-align: center;"><span style="font-size: 24pt;">A könyvelőség és gondnokság programja</span></h1>
<p> </p>
<h2>Miron Cristea utcai épület</h2>
<p><strong>Dascalu Mihály Tünde</strong> &#8211; főkönyvelő &#8211; naponta &#8211; 8:00-16:00<br />Mobil &#8211; 0783-068-976<br /><strong>Marosi Éva</strong> &#8211; gondnok &#8211; naponta &#8211; 7:30-15:30<br />Mobil &#8211; 0735-884-725</p>
<h2>Testvériség sugárúti épület</h2>
<p><strong>Kerekes Eszter</strong> &#8211; megbízott gondnok &#8211; naponta &#8211; 7:00-15:00</p>
<h2>Informatikus:</h2>
<p><strong>Benkő Loránd-Ernő</strong></p>
<h2>Takarító és karbantartó személyzet:</h2>
<h2>Miron Cristea utcai épület:</h2>
<p><strong>Fülöp Ildikó</strong> &#8211; Takarító<br /><strong>Gecse Imre</strong> &#8211; Karbantartó<br /><strong>Nagy Edith</strong> &#8211; Takarító</p>
<h2>Testvériség sugárúti épület:</h2>
<p><strong>Derzsi Elemér</strong> &#8211; Karbantartó<br /><strong>Benkő Timea</strong> &#8211; Takarító<br /><strong>Csikai Ottó</strong> &#8211; Karbantartó <strong><br />Fülöp Kinga</strong> &#8211; Takarító<br /><strong>Nyisztor Zsolt</strong> &#8211; Villanyszerelő<br /><strong>Simon Emilia</strong> &#8211; Takarító<br /><strong>Timár Éva</strong> &#8211; Takarító<br /><br /></p>
<h2>Kihelyezettek: </h2>
<p><strong>Ferencz Gábor</strong> &#8211; Karbantartó<br /><strong>Ursu Mariana</strong> &#8211; Takarító</p>

<div id="themify_builder_content-2432" data-postid="2432" class="themify_builder_content themify_builder_content-2432 themify_builder">

    </div>

<p>A könyvelőség és gondnokság programja   Miron Cristea utcai épület Dascalu Mihály Tünde &#8211; főkönyvelő &#8211; naponta &#8211; 8:00-16:00Mobil &#8211; 0783-068-976Marosi Éva &#8211; gondnok &#8211; naponta &#8211; 7:30-15:30Mobil &#8211; 0735-884-725 Testvériség sugárúti épület Kerekes Eszter &#8211; megbízott gondnok &#8211; naponta &#8211; 7:00-15:00 Informatikus: Benkő Loránd-Ernő Takarító és karbantartó személyzet: Miron Cristea utcai épület: Fülöp Ildikó &#8211; [&hellip;]</p>
