{"id":2424,"date":"2015-02-01T10:23:47","date_gmt":"2015-02-01T10:23:47","guid":{"rendered":"http:\/\/jozsefattilaiskola.ro\/uj\/?page_id=2424"},"modified":"2025-09-29T11:26:13","modified_gmt":"2025-09-29T08:26:13","slug":"vezetoseg","status":"publish","type":"page","link":"https:\/\/jozsefattilaiskola.ro\/?page_id=2424","title":{"rendered":"Vezet\u0151s\u00e9g"},"content":{"rendered":"\n<h1 style=\"text-align: center;\"><span class=\"tadv-format-panel\" style=\"font-size: 18pt;\"><strong>A J\u00f3zsef Attila \u00c1ltal\u00e1nos Iskola\u00a0<\/strong><b>Vezet\u0151s\u00e9ge<\/b><\/span><\/h1>\n<h3 style=\"text-align: center;\"><span class=\"tadv-format-panel\" style=\"font-size: 14pt;\"><strong>Iskolaigazgat\u00f3<\/strong>:\u00a0Kedves Tiham\u00e9r<\/span><br \/><span class=\"tadv-format-panel\" style=\"font-size: 14pt;\"> <strong>Igazgat\u00f3helyettes<\/strong>: P\u00e9ter Endre<\/span><\/h3>\n<p>\u00a0<\/p>\n<p><img loading=\"lazy\" decoding=\"async\" class=\"wp-image-8151  aligncenter\" src=\"http:\/\/jozsefattilaiskola.ro\/wp-content\/uploads\/2025\/09\/igazgatoi-program-e1759134313998-300x212.jpg\" alt=\"\" width=\"715\" height=\"505\" srcset=\"https:\/\/jozsefattilaiskola.ro\/wp-content\/uploads\/2025\/09\/igazgatoi-program-e1759134313998-300x212.jpg 300w, https:\/\/jozsefattilaiskola.ro\/wp-content\/uploads\/2025\/09\/igazgatoi-program-e1759134313998-1024x724.jpg 1024w, https:\/\/jozsefattilaiskola.ro\/wp-content\/uploads\/2025\/09\/igazgatoi-program-e1759134313998-768x543.jpg 768w, https:\/\/jozsefattilaiskola.ro\/wp-content\/uploads\/2025\/09\/igazgatoi-program-e1759134313998-1536x1087.jpg 1536w, https:\/\/jozsefattilaiskola.ro\/wp-content\/uploads\/2025\/09\/igazgatoi-program-e1759134313998.jpg 1753w\" sizes=\"(max-width: 715px) 100vw, 715px\" \/><\/p>\n<h3>\u00a0<\/h3>\n<h3 style=\"text-align: center;\"><span class=\"tadv-format-panel\" style=\"font-size: 14pt;\"><b>Vezet\u0151t<\/b><strong>an\u00e1csunk tov\u00e1bbi tagjai:<\/strong><\/span><\/h3>\n<p style=\"text-align: left;\"><strong>\u00c1cs Annam\u00e1ria<\/strong> &#8211; az Iskolai Sz\u00fcl\u0151i Bizotts\u00e1gi tag<br \/><strong>B\u00e1lint Emese<\/strong> &#8211; az Iskolai Sz\u00fcl\u0151i Bizotts\u00e1gi tag<br \/><strong>Cseh T\u00fcnde<\/strong> &#8211; megfigyel\u0151 a szakszervezet r\u00e9sz\u00e9r\u0151l<br \/><strong>H\u00e9get\u0151 Katalin<\/strong> &#8211; biol\u00f3gia szak &#8211; Fels\u0151 tagozat<br \/><strong>K\u00f6k\u00f6sy Roz\u00e1lia<\/strong> &#8211; Cs\u00edkszereda Megyei Jog\u00fa V\u00e1ros Polg\u00e1rmesteri Hivatal\u00e1nak k\u00e9pvisel\u0151je<br \/><strong>L\u00e1nyi Kinga<\/strong> &#8211; az Iskolai Sz\u00fcl\u0151i Bizotts\u00e1g eln\u00f6k<br \/><strong>M\u00e1t\u00e9 Zsuzsanna<\/strong> &#8211; tan\u00edt\u00f3 &#8211; Als\u00f3 tagozat<br \/><strong>Orb\u00e1n Zsolt<\/strong> &#8211; Cs\u00edkszereda Megyei Jog\u00fa V\u00e1ros \u00d6nkorm\u00e1nyzat\u00e1nak k\u00e9pvisel\u0151je<br \/><strong>P\u00e9ter Csilla<\/strong> &#8211; matematika szak &#8211; Fels\u0151 tagozat<br \/><strong>T\u00f3falvi \u00c9va<\/strong> &#8211; Cs\u00edkszereda Megyei Jog\u00fa V\u00e1ros \u00d6nkorm\u00e1nyzat\u00e1nak k\u00e9pvisel\u0151je<br \/><br \/><\/p>\n\n\n<div id=\"themify_builder_content-2424\" data-postid=\"2424\" class=\"themify_builder_content themify_builder_content-2424 themify_builder\">\n\n    <\/div>\n","protected":false},"excerpt":{"rendered":"<p>A J\u00f3zsef Attila \u00c1ltal\u00e1nos Iskola\u00a0Vezet\u0151s\u00e9ge Iskolaigazgat\u00f3:\u00a0Kedves Tiham\u00e9r Igazgat\u00f3helyettes: P\u00e9ter Endre \u00a0 \u00a0 Vezet\u0151tan\u00e1csunk tov\u00e1bbi tagjai: \u00c1cs Annam\u00e1ria &#8211; az Iskolai Sz\u00fcl\u0151i Bizotts\u00e1gi tagB\u00e1lint Emese &#8211; az Iskolai Sz\u00fcl\u0151i Bizotts\u00e1gi tagCseh T\u00fcnde &#8211; megfigyel\u0151 a szakszervezet r\u00e9sz\u00e9r\u0151lH\u00e9get\u0151 Katalin &#8211; biol\u00f3gia szak &#8211; Fels\u0151 tagozatK\u00f6k\u00f6sy Roz\u00e1lia &#8211; Cs\u00edkszereda Megyei Jog\u00fa V\u00e1ros Polg\u00e1rmesteri Hivatal\u00e1nak k\u00e9pvisel\u0151jeL\u00e1nyi Kinga &#8211; az [&hellip;]<\/p>\n","protected":false},"author":1,"featured_media":0,"parent":0,"menu_order":0,"comment_status":"open","ping_status":"open","template":"","meta":{"footnotes":""},"class_list":["post-2424","page","type-page","status-publish","hentry","no-post-title","no-post-date","has-post-category","has-post-tag","has-post-comment","has-post-author",""],"builder_content":"","_links":{"self":[{"href":"https:\/\/jozsefattilaiskola.ro\/index.php?rest_route=\/wp\/v2\/pages\/2424"}],"collection":[{"href":"https:\/\/jozsefattilaiskola.ro\/index.php?rest_route=\/wp\/v2\/pages"}],"about":[{"href":"https:\/\/jozsefattilaiskola.ro\/index.php?rest_route=\/wp\/v2\/types\/page"}],"author":[{"embeddable":true,"href":"https:\/\/jozsefattilaiskola.ro\/index.php?rest_route=\/wp\/v2\/users\/1"}],"replies":[{"embeddable":true,"href":"https:\/\/jozsefattilaiskola.ro\/index.php?rest_route=%2Fwp%2Fv2%2Fcomments&post=2424"}],"version-history":[{"count":67,"href":"https:\/\/jozsefattilaiskola.ro\/index.php?rest_route=\/wp\/v2\/pages\/2424\/revisions"}],"predecessor-version":[{"id":8154,"href":"https:\/\/jozsefattilaiskola.ro\/index.php?rest_route=\/wp\/v2\/pages\/2424\/revisions\/8154"}],"wp:attachment":[{"href":"https:\/\/jozsefattilaiskola.ro\/index.php?rest_route=%2Fwp%2Fv2%2Fmedia&parent=2424"}],"curies":[{"name":"wp","href":"https:\/\/api.w.org\/{rel}","templated":true}]}}

Vezetőség

<h1 style="text-align: center;"><span class="tadv-format-panel" style="font-size: 18pt;"><strong>A József Attila Általános Iskola </strong><b>Vezetősége</b></span></h1>
<h3 style="text-align: center;"><span class="tadv-format-panel" style="font-size: 14pt;"><strong>Iskolaigazgató</strong>: Kedves Tihamér</span><br /><span class="tadv-format-panel" style="font-size: 14pt;"> <strong>Igazgatóhelyettes</strong>: Péter Endre</span></h3>
<p> </p>
<p><img loading="lazy" decoding="async" class="wp-image-8151  aligncenter" src="http://jozsefattilaiskola.ro/wp-content/uploads/2025/09/igazgatoi-program-e1759134313998-300x212.jpg" alt="" width="715" height="505" srcset="https://jozsefattilaiskola.ro/wp-content/uploads/2025/09/igazgatoi-program-e1759134313998-300x212.jpg 300w, https://jozsefattilaiskola.ro/wp-content/uploads/2025/09/igazgatoi-program-e1759134313998-1024x724.jpg 1024w, https://jozsefattilaiskola.ro/wp-content/uploads/2025/09/igazgatoi-program-e1759134313998-768x543.jpg 768w, https://jozsefattilaiskola.ro/wp-content/uploads/2025/09/igazgatoi-program-e1759134313998-1536x1087.jpg 1536w, https://jozsefattilaiskola.ro/wp-content/uploads/2025/09/igazgatoi-program-e1759134313998.jpg 1753w" sizes="(max-width: 715px) 100vw, 715px" /></p>
<h3> </h3>
<h3 style="text-align: center;"><span class="tadv-format-panel" style="font-size: 14pt;"><b>Vezetőt</b><strong>anácsunk további tagjai:</strong></span></h3>
<p style="text-align: left;"><strong>Ács Annamária</strong> &#8211; az Iskolai Szülői Bizottsági tag<br /><strong>Bálint Emese</strong> &#8211; az Iskolai Szülői Bizottsági tag<br /><strong>Cseh Tünde</strong> &#8211; megfigyelő a szakszervezet részéről<br /><strong>Hégető Katalin</strong> &#8211; biológia szak &#8211; Felső tagozat<br /><strong>Kökösy Rozália</strong> &#8211; Csíkszereda Megyei Jogú Város Polgármesteri Hivatalának képviselője<br /><strong>Lányi Kinga</strong> &#8211; az Iskolai Szülői Bizottság elnök<br /><strong>Máté Zsuzsanna</strong> &#8211; tanító &#8211; Alsó tagozat<br /><strong>Orbán Zsolt</strong> &#8211; Csíkszereda Megyei Jogú Város Önkormányzatának képviselője<br /><strong>Péter Csilla</strong> &#8211; matematika szak &#8211; Felső tagozat<br /><strong>Tófalvi Éva</strong> &#8211; Csíkszereda Megyei Jogú Város Önkormányzatának képviselője<br /><br /></p>


<div id="themify_builder_content-2424" data-postid="2424" class="themify_builder_content themify_builder_content-2424 themify_builder">

    </div>

<p>A József Attila Általános Iskola Vezetősége Iskolaigazgató: Kedves Tihamér Igazgatóhelyettes: Péter Endre     Vezetőtanácsunk további tagjai: Ács Annamária &#8211; az Iskolai Szülői Bizottsági tagBálint Emese &#8211; az Iskolai Szülői Bizottsági tagCseh Tünde &#8211; megfigyelő a szakszervezet részérőlHégető Katalin &#8211; biológia szak &#8211; Felső tagozatKökösy Rozália &#8211; Csíkszereda Megyei Jogú Város Polgármesteri Hivatalának képviselőjeLányi Kinga &#8211; az [&hellip;]</p>
