{"id":2360,"date":"2015-01-30T22:46:14","date_gmt":"2015-01-30T22:46:14","guid":{"rendered":"http:\/\/jozsefattilaiskola.ro\/uj\/?page_id=2360"},"modified":"2023-06-27T15:55:03","modified_gmt":"2023-06-27T12:55:03","slug":"koszonto","status":"publish","type":"page","link":"https:\/\/jozsefattilaiskola.ro\/","title":{"rendered":"K\u00f6sz\u00f6nt\u0151"},"content":{"rendered":"<h1 style=\"text-align: center;\">\u00a0Kedves l\u00e1togat\u00f3!<\/h1>\n<p>\u00a0<\/p>\n<p style=\"text-align: left;\">Isten hozta a cs\u00edkszeredai J\u00f3zsef Attila \u00c1ltal\u00e1nos Iskola honlapj\u00e1n!<br \/>Az alap\u00edt\u00e1s els\u0151, a sz\u00e1rnypr\u00f3b\u00e1lgat\u00e1s m\u00e1sodik, az \u00fatkeres\u00e9s harmadik \u00f6t \u00e9v\u00e9t, illetve a folytonos v\u00e1ltoz\u00e1sok, meg\u00fajul\u00e1sok n\u00e9gy \u00e9v\u00e9t magunk m\u00f6g\u00f6tt hagyva elmondhatjuk, hogy pedag\u00f3gusi, tanul\u00f3i \u00e9s sz\u00fcl\u0151i k\u00f6z\u00f6ss\u00e9g\u00fcnk most m\u00e1r kialak\u00edtotta\u00a0 azt a k\u00f6z\u00f6s hangot, hangulatot, amely az \u00e9rt\u00e9kteremt\u0151, kreat\u00edv munk\u00e1nak er\u0151t, folytonoss\u00e1got \u00e9s kitart\u00e1st adhat.<br \/>Honlapunk t\u00fck\u00f6rk\u00e9pe iskol\u00e1nknak, azt a hangulatot, azt az \u00e9rt\u00e9krendet \u00f6r\u00f6k\u00edti meg, amelyet alap\u00edt\u00e1s\u00e1t\u00f3l fogva tan\u00e1raink \u00e1poltak, gazdag\u00edtottak, \u00e9s amelyet tanul\u00f3ink hordoznak magukban szem\u00e9lyis\u00e9g\u00fck elv\u00e1laszthatatlan r\u00e9szek\u00e9nt, eml\u00e9keik legf\u00e9ltettebb kincseik\u00e9nt.<br \/>Mindezt a J\u00f3zsef Attila \u00c1ltal\u00e1nos Iskola nem hivatalos jelmondata tudn\u00e1 legjobban al\u00e1t\u00e1masztani:<\/p>\n<p style=\"text-align: center;\">\u201cMert mi teremt\u00fcnk<br \/>sz\u00e9p, okos l\u00e1nyt,<br \/>\u00e9s b\u00e1tor, \u00e9rtelmes fi\u00fat,<br \/>ki \u0151riz bel\u0151l\u00fcnk egy foszl\u00e1nyt,<br \/>mint Nap f\u00e9ny\u00e9b\u0151l a Tej\u00fat.\u201d<br \/>(J\u00f3zsef Attila)<\/p>\n<p style=\"text-align: center;\"><div id=\"metaslider-id-2407\" style=\"max-width: 640px;\" class=\"ml-slider-3-92-1 metaslider metaslider-nivo metaslider-2407 ml-slider ms-theme-default\" role=\"region\" aria-roledescription=\"Slideshow\" aria-label=\"Koszonto\">\n    <div id=\"metaslider_container_2407\">\n        <div class='slider-wrapper theme-default'><div class='ribbon'><\/div><div id='metaslider_2407' class='nivoSlider'><img loading=\"lazy\" decoding=\"async\" src=\"https:\/\/jozsefattilaiskola.ro\/wp-content\/uploads\/2015\/01\/Vackorhercegek-a-Kiralyi-etteremben-487x332.jpg\" height=\"436\" width=\"640\" data-caption=\"Vackorhercegek a &#039;&#039;Kir&aacute;lyi&#039;&#039; &eacute;tteremben\" alt=\"\" class=\"slider-2407 slide-2403\" \/><img loading=\"lazy\" decoding=\"async\" src=\"https:\/\/jozsefattilaiskola.ro\/wp-content\/uploads\/2015\/01\/Onallo-munka-a-kozpontokban-487x332.jpg\" height=\"436\" width=\"640\" data-caption=\"&Ouml;n&aacute;ll&oacute; munka a k&ouml;zpontokban\" alt=\"\" class=\"slider-2407 slide-2402\" \/><img loading=\"lazy\" decoding=\"async\" src=\"https:\/\/jozsefattilaiskola.ro\/wp-content\/uploads\/2015\/01\/Olvasasarok-500x340.jpg\" height=\"436\" width=\"640\" data-caption=\"Olvas&oacute;sarok\" alt=\"\" class=\"slider-2407 slide-2401\" \/><img loading=\"lazy\" decoding=\"async\" src=\"https:\/\/jozsefattilaiskola.ro\/wp-content\/uploads\/2015\/01\/Kozpontos-munka-487x332.jpg\" height=\"436\" width=\"640\" data-caption=\"K&ouml;zpontos munka\" alt=\"\" class=\"slider-2407 slide-2399\" \/><img loading=\"lazy\" decoding=\"async\" src=\"https:\/\/jozsefattilaiskola.ro\/wp-content\/uploads\/2015\/01\/napsugarjo-640x436.jpg\" height=\"436\" width=\"640\" data-caption=\"Napsug&aacute;r &eacute;vfordul&oacute;ja alkalm&aacute;b&oacute;l\" alt=\"\" class=\"slider-2407 slide-2400\" \/><img loading=\"lazy\" decoding=\"async\" src=\"https:\/\/jozsefattilaiskola.ro\/wp-content\/uploads\/2015\/01\/Itt-is-van-egy-jo-konyv-500x340.jpg\" height=\"436\" width=\"640\" data-caption=\"Itt is van egy j&oacute; k&ouml;nyv!\" alt=\"\" class=\"slider-2407 slide-2398\" \/><img loading=\"lazy\" decoding=\"async\" src=\"https:\/\/jozsefattilaiskola.ro\/wp-content\/uploads\/2015\/01\/Beiratkozas-a-gyermekkonyvtarba-500x340.jpg\" height=\"436\" width=\"640\" data-caption=\"Beiratkoz&aacute;s a gyermekk&ouml;nyvt&aacute;rba\" alt=\"\" class=\"slider-2407 slide-2397\" \/><\/div><\/div>\n        \n    <\/div>\n<\/div>\n<p><span style=\"font-size: 8pt;\">Iskol\u00e1nk logoja\u00a0 let\u00f6lthet\u0151\u00a0<a href=\"http:\/\/jozsefattilaiskola.ro\/wp-content\/uploads\/2022\/12\/logo.zip\">innen<\/a><\/span><\/p>\n\n<div id=\"themify_builder_content-2360\" data-postid=\"2360\" class=\"themify_builder_content themify_builder_content-2360 themify_builder\">\n\n    <\/div>\n","protected":false},"excerpt":{"rendered":"<p>\u00a0Kedves l\u00e1togat\u00f3! \u00a0 Isten hozta a cs\u00edkszeredai J\u00f3zsef Attila \u00c1ltal\u00e1nos Iskola honlapj\u00e1n!Az alap\u00edt\u00e1s els\u0151, a sz\u00e1rnypr\u00f3b\u00e1lgat\u00e1s m\u00e1sodik, az \u00fatkeres\u00e9s harmadik \u00f6t \u00e9v\u00e9t, illetve a folytonos v\u00e1ltoz\u00e1sok, meg\u00fajul\u00e1sok n\u00e9gy \u00e9v\u00e9t magunk m\u00f6g\u00f6tt hagyva elmondhatjuk, hogy pedag\u00f3gusi, tanul\u00f3i \u00e9s sz\u00fcl\u0151i k\u00f6z\u00f6ss\u00e9g\u00fcnk most m\u00e1r kialak\u00edtotta\u00a0 azt a k\u00f6z\u00f6s hangot, hangulatot, amely az \u00e9rt\u00e9kteremt\u0151, kreat\u00edv munk\u00e1nak er\u0151t, folytonoss\u00e1got \u00e9s [&hellip;]<\/p>\n","protected":false},"author":1,"featured_media":0,"parent":0,"menu_order":0,"comment_status":"open","ping_status":"open","template":"","meta":{"footnotes":""},"class_list":["post-2360","page","type-page","status-publish","hentry","no-post-title","no-post-date","has-post-category","has-post-tag","has-post-comment","has-post-author",""],"builder_content":"","_links":{"self":[{"href":"https:\/\/jozsefattilaiskola.ro\/index.php?rest_route=\/wp\/v2\/pages\/2360"}],"collection":[{"href":"https:\/\/jozsefattilaiskola.ro\/index.php?rest_route=\/wp\/v2\/pages"}],"about":[{"href":"https:\/\/jozsefattilaiskola.ro\/index.php?rest_route=\/wp\/v2\/types\/page"}],"author":[{"embeddable":true,"href":"https:\/\/jozsefattilaiskola.ro\/index.php?rest_route=\/wp\/v2\/users\/1"}],"replies":[{"embeddable":true,"href":"https:\/\/jozsefattilaiskola.ro\/index.php?rest_route=%2Fwp%2Fv2%2Fcomments&post=2360"}],"version-history":[{"count":21,"href":"https:\/\/jozsefattilaiskola.ro\/index.php?rest_route=\/wp\/v2\/pages\/2360\/revisions"}],"predecessor-version":[{"id":7669,"href":"https:\/\/jozsefattilaiskola.ro\/index.php?rest_route=\/wp\/v2\/pages\/2360\/revisions\/7669"}],"wp:attachment":[{"href":"https:\/\/jozsefattilaiskola.ro\/index.php?rest_route=%2Fwp%2Fv2%2Fmedia&parent=2360"}],"curies":[{"name":"wp","href":"https:\/\/api.w.org\/{rel}","templated":true}]}}

Köszöntő

<h1 style="text-align: center;"> Kedves látogató!</h1>
<p> </p>
<p style="text-align: left;">Isten hozta a csíkszeredai József Attila Általános Iskola honlapján!<br />Az alapítás első, a szárnypróbálgatás második, az útkeresés harmadik öt évét, illetve a folytonos változások, megújulások négy évét magunk mögött hagyva elmondhatjuk, hogy pedagógusi, tanulói és szülői közösségünk most már kialakította  azt a közös hangot, hangulatot, amely az értékteremtő, kreatív munkának erőt, folytonosságot és kitartást adhat.<br />Honlapunk tükörképe iskolánknak, azt a hangulatot, azt az értékrendet örökíti meg, amelyet alapításától fogva tanáraink ápoltak, gazdagítottak, és amelyet tanulóink hordoznak magukban személyiségük elválaszthatatlan részeként, emlékeik legféltettebb kincseiként.<br />Mindezt a József Attila Általános Iskola nem hivatalos jelmondata tudná legjobban alátámasztani:</p>
<p style="text-align: center;">“Mert mi teremtünk<br />szép, okos lányt,<br />és bátor, értelmes fiút,<br />ki őriz belőlünk egy foszlányt,<br />mint Nap fényéből a Tejút.”<br />(József Attila)</p>
<p style="text-align: center;"><div id="metaslider-id-2407" style="max-width: 640px;" class="ml-slider-3-92-1 metaslider metaslider-nivo metaslider-2407 ml-slider ms-theme-default" role="region" aria-roledescription="Slideshow" aria-label="Koszonto">
    <div id="metaslider_container_2407">
        <div class='slider-wrapper theme-default'><div class='ribbon'></div><div id='metaslider_2407' class='nivoSlider'><img loading="lazy" decoding="async" src="https://jozsefattilaiskola.ro/wp-content/uploads/2015/01/Vackorhercegek-a-Kiralyi-etteremben-487x332.jpg" height="436" width="640" data-caption="Vackorhercegek a &#039;&#039;Kir&aacute;lyi&#039;&#039; &eacute;tteremben" alt="" class="slider-2407 slide-2403" /><img loading="lazy" decoding="async" src="https://jozsefattilaiskola.ro/wp-content/uploads/2015/01/Onallo-munka-a-kozpontokban-487x332.jpg" height="436" width="640" data-caption="&Ouml;n&aacute;ll&oacute; munka a k&ouml;zpontokban" alt="" class="slider-2407 slide-2402" /><img loading="lazy" decoding="async" src="https://jozsefattilaiskola.ro/wp-content/uploads/2015/01/Olvasasarok-500x340.jpg" height="436" width="640" data-caption="Olvas&oacute;sarok" alt="" class="slider-2407 slide-2401" /><img loading="lazy" decoding="async" src="https://jozsefattilaiskola.ro/wp-content/uploads/2015/01/Kozpontos-munka-487x332.jpg" height="436" width="640" data-caption="K&ouml;zpontos munka" alt="" class="slider-2407 slide-2399" /><img loading="lazy" decoding="async" src="https://jozsefattilaiskola.ro/wp-content/uploads/2015/01/napsugarjo-640x436.jpg" height="436" width="640" data-caption="Napsug&aacute;r &eacute;vfordul&oacute;ja alkalm&aacute;b&oacute;l" alt="" class="slider-2407 slide-2400" /><img loading="lazy" decoding="async" src="https://jozsefattilaiskola.ro/wp-content/uploads/2015/01/Itt-is-van-egy-jo-konyv-500x340.jpg" height="436" width="640" data-caption="Itt is van egy j&oacute; k&ouml;nyv!" alt="" class="slider-2407 slide-2398" /><img loading="lazy" decoding="async" src="https://jozsefattilaiskola.ro/wp-content/uploads/2015/01/Beiratkozas-a-gyermekkonyvtarba-500x340.jpg" height="436" width="640" data-caption="Beiratkoz&aacute;s a gyermekk&ouml;nyvt&aacute;rba" alt="" class="slider-2407 slide-2397" /></div></div>
        
    </div>
</div>
<p><span style="font-size: 8pt;">Iskolánk logoja  letölthető <a href="http://jozsefattilaiskola.ro/wp-content/uploads/2022/12/logo.zip">innen</a></span></p>

<div id="themify_builder_content-2360" data-postid="2360" class="themify_builder_content themify_builder_content-2360 themify_builder">

    </div>

<p> Kedves látogató!   Isten hozta a csíkszeredai József Attila Általános Iskola honlapján!Az alapítás első, a szárnypróbálgatás második, az útkeresés harmadik öt évét, illetve a folytonos változások, megújulások négy évét magunk mögött hagyva elmondhatjuk, hogy pedagógusi, tanulói és szülői közösségünk most már kialakította  azt a közös hangot, hangulatot, amely az értékteremtő, kreatív munkának erőt, folytonosságot és [&hellip;]</p>
